*o + 130*o - 9326 = 3963. Calculate the remainder when o is divided by 36 - (2 - (-1 - -4)).
26
Let b = -4204 - -4877. Calculate the remainder when b is divided by 64.
33
Suppose -3*d - 2 - 5 = -u, 5*u - 22 = 2*d. Let h be d*(-5 - -8) + 95. Let z = -71 + h. Calculate the remainder when z is divided by 6.
3
Let w be (-24)/(-28) + (-2)/(-14). Calculate the remainder when 58 is divided by 5 - (-11 + 9) - w*2.
3
Let r = 3439 - 3437. Calculate the remainder when 419 is divided by r.
1
Suppose 176*w = 47*w - 53*w + 28392. What is the remainder when 2649 is divided by w?
153
Let g = 178 + 786. Calculate the remainder when g is divided by 51.
46
Let i(u) = -2*u**2 - 8*u - 34. Let d be i(-3). Calculate the remainder when 138 is divided by (0 - 0 - d)/2.
12
Let d = -1282 + 547. Let o = 1117 + d. What is the remainder when o is divided by 32?
30
Let z(w) = 2*w**2 - 11*w + 8. What is the remainder when z(7) is divided by -2*(-9)/((-162)/(-72))?
5
Suppose 63 + 84 = -z. Let n = -120 - z. Calculate the remainder when 79 is divided by n.
25
Let b(x) = -x**3 + 5*x**2 - 12*x + 19. Let t be b(3). What is the remainder when 14 is divided by 9/(-18)*(-6)/1*t?
2
Suppose 55*c = 64*c - 1782. Suppose c + 207 = 3*x. Calculate the remainder when x is divided by 34.
33
Suppose 281 = 5*d - 4*f, -2*d + 641*f - 646*f + 86 = 0. Calculate the remainder when 2647 is divided by d.
50
Let x = -173 + 177. Calculate the remainder when (1/((-4)/17))/(x/(-48)) is divided by 36/42*1*7.
3
Let c(i) = 1280*i - 10107. What is the remainder when 694 is divided by c(8)?
29
Suppose -2*c - x = -31, 0 = 5*c - 4*x - 107 + 36. Let r(g) = 2*g**2 - 112*g + 548. What is the remainder when r(5) is divided by c?
8
Suppose -5*t + 5*f = -210, 4*t + 88 = -5*f + 310. What is the remainder when 89 is divided by t?
41
Let w = 143 + -29. Suppose 34*x + 143 = 5*o + 38*x, 3*o = -4*x + 97. What is the remainder when w is divided by o?
22
Suppose -3*o = -3*q + 357 + 72, 0 = -5*o + 30. Calculate the remainder when 602 is divided by q.
6
Calculate the remainder when 1009 is divided by ((-3)/(9/(-5)))/((-480)/(-6624)).
20
Suppose -2*y + 24 = 5*t, 2 = -95*t + 96*t - y. Suppose 0*v = -v + 140. What is the remainder when v is divided by t?
0
Suppose 36*i = 35*i - 16*i + 9010. What is the remainder when i is divided by 248?
34
Suppose -3*t = -5*q + 3345, 749 - 97 = q - 4*t. Calculate the remainder when q is divided by 45.
42
Suppose -2*a + 537 = -5*t, -4*a - 4*t + 624 = -464. Calculate the remainder when a is divided by 21.
19
Let n = -642 - -641. What is the remainder when (39*-5*1)/n is divided by 10?
5
Suppose 247126*u - 19162 = 246983*u. Calculate the remainder when u is divided by (-4)/14 - 634/(-14).
44
Suppose -n + 10 = -3. Suppose 4*b = -7*b + 1276. Calculate the remainder when b is divided by n.
12
Let p(s) = 5*s + 1. Let c be p(11). Suppose -4*y + 47 = a, 0 = -5*a - 3*y + 115 + 171. Let j = a - c. What is the remainder when 5 is divided by j?
2
Suppose -3657341 = -420*b + 1398199. Calculate the remainder when b is divided by 56.
53
Calculate the remainder when ((-10)/6)/(14764/924 - 16) is divided by (-486)/(-11) + (-6)/33.
33
Suppose 60*p = 66*p - 180. Calculate the remainder when (-1)/(4/(-264)) + 5 + -2 is divided by p.
9
Let s(z) = -21*z + 137. Let k(d) = -21*d + 142. Let x(i) = 3*k(i) - 4*s(i). Calculate the remainder when 7 is divided by x(6).
3
Let a = -5789 + 6090. What is the remainder when a is divided by 66?
37
Suppose 5*n + 5*b - 85 = 0, 0 = -4*n + 32*b - 29*b + 89. Calculate the remainder when 180 is divided by n.
0
Let r(h) = -h. Let l(z) = -16*z + 11. Let s(k) = -l(k) - r(k). Calculate the remainder when 224 is divided by s(4).
53
Suppose -130 = -9*v + 4*v. What is the remainder when v is divided by 370/14 + (-23)/((-966)/(-18))?
0
Let d = 2785 + -2684. Calculate the remainder when 11006 is divided by d.
98
Let b(n) = 36*n + 583. What is the remainder when 346 is divided by b(-8)?
51
Suppose -3*b = 3*z - 4839, -2744 = -3*z - 22*b + 2038. What is the remainder when z is divided by 108?
104
Calculate the remainder when 347 is divided by 1204/(-129) + (-2)/3 - -340.
17
Let u be 4/6 + (-168)/(-18) - 4. Calculate the remainder when 86/(-6)*(-33 + u + 0) is divided by 30.
27
Let t(g) = 14*g - 95. Let j be 40*5/15 + (-14)/(-21). What is the remainder when t(j) is divided by 18?
11
Calculate the remainder when 115 is divided by (-121)/(-11) + -2 + (-1)/(2/(-10)).
3
Suppose -63*z - 103761 = -246*z. Calculate the remainder when z is divided by 348.
219
What is the remainder when 394 is divided by 0 + 422/5 + 21/35?
54
Let r(s) = -5*s + 91. Calculate the remainder when r(13) is divided by 16.
10
Let y = -2851 + 3639. What is the remainder when y is divided by 56?
4
Let m(b) = b**2 + 6*b - 8*b**2 + 2*b**2 + 4*b**2 + 8*b**3 + 0*b**2 + 1. What is the remainder when m(2) is divided by 11?
7
Suppose 12*u - 13*u = -62. Suppose 0 = -5*i + 3*f - 185, 4*i + 0*f + 111 = -5*f. Let m = 45 + i. Calculate the remainder when u is divided by m.
7
Suppose -46 = -3*p + 41. Let g be -3*(-3 - 96/9). Let q = 53 - g. What is the remainder when p is divided by q?
5
Suppose -z + 3*u + 3226 = 0, 20 = 5*u - u. Suppose 37 - z = -9*p. What is the remainder when p is divided by 90?
86
Let m(v) = v**3 - 29*v**2 - 162*v - 251. What is the remainder when 2077 is divided by m(34)?
19
Suppose 73*t - 500 = 272 - 261. What is the remainder when 48 is divided by t?
6
Let m = 1921 + -1819. What is the remainder when 164 is divided by m?
62
Let f = 4568 - 4562. What is the remainder when 400 is divided by f?
4
Suppose 3*o - 10800 = -13*o. Let g = 677 - o. What is the remainder when 84 is divided by g?
0
What is the remainder when 3326 is divided by -4*3/(-7)*203/58*37?
218
Suppose -7785 = -3*f - 4*x, 4*f + 119*x - 116*x = 10366. What is the remainder when f is divided by 46?
11
Suppose 7*w - 4*b + 401 = 12*w, 5*w - 402 = -3*b. What is the remainder when 3965 is divided by w?
77
Let u(c) = 44*c**2 + 43*c - 25. Calculate the remainder when u(-4) is divided by 229.
49
Suppose 166 = -3*o + 472. Let k = o - 65. Suppose 4*m = 2*s - 1 - 39, k = 2*s - 5*m. Calculate the remainder when 44 is divided by s.
18
Let m be (-4)/8 + ((-1020)/8 - -4). Calculate the remainder when -30*((-13)/5 + 1) is divided by m/(-5) + (-11)/(-55).
23
Suppose -4*s + 2*x = -69 - 77, s - 35 = 2*x. What is the remainder when 85 is divided by s?
11
Suppose -1656 - 1089 - 27 = -36*h. Calculate the remainder when 1692 is divided by h.
75
Let w = -617 + 1361. Calculate the remainder when 46 is divided by (-2)/(-5) + (w/40 - 6).
7
Let f(q) = 9*q**2 + 7*q - 13. Let c be f(2). Suppose 5*l + 128 = 5*v - 137, -v - 3*l + c = 0. Calculate the remainder when v is divided by 19.
11
Let a(i) = i + 13. Let k be 104/12 - 4/6. Let y(g) = 4*g**2 - 7*g + 5. What is the remainder when y(4) is divided by a(k)?
20
Let j = -698 + 672. Let x(u) = u + 100. Calculate the remainder when x(j) is divided by 40.
34
Suppose -511 + 212 = -2*f - 241. Suppose -o + 251 = r, 5*r - 1291 = -2*o + 6*o. Calculate the remainder when r is divided by f.
23
Let x(z) be the first derivative of z**2/2 + 13*z - 16. Let b be x(6). Suppose -b + 97 = 6*j. Calculate the remainder when 35 is divided by j.
9
Let k be 1501/95 - 1*3/(-15). Suppose k*c - 22*c = -7782. Calculate the remainder when c is divided by 22.
21
Let a = 4724 + -4206. Calculate the remainder when a is divided by 38.
24
Let g be (57 - 56)*(0 + 1*2). Suppose f = -o + 4, 2*f + g*o - o = 12. What is the remainder when 42 is divided by f?
2
Suppose 2*r - 5*h - 405 = -143, 2*r - 250 = -h. What is the remainder when r is divided by 45?
36
Suppose 0*y = -2*y + 26. Suppose 0 = -40*t - 17*t - 90*t + 7350. What is the remainder when t is divided by y?
11
Calculate the remainder when 117 is divided by 385/(-11)*6/(-10).
12
Suppose -u + 8 + 43 = 0. Let c(f) = 4*f**2 + 24*f + 54. What is the remainder when u is divided by c(-3)?
15
Let h(d) = 98*d + 8605. Calculate the remainder when h(-85) is divided by 56.
51
Let g(q) = q**2 + 27*q + 95. Let r(f) = 4*f - 23. Let i be r(0). Calculate the remainder when 99 is divided by g(i).
0
Suppose -8*q - 2*j = -4*q, -4*q = 4*j - 8. What is the remainder when q*((-396)/8 + -5) is divided by 37?
35
Let l = -101 - -146. Let d be -11